{"id":1724,"date":"2024-05-27T15:42:24","date_gmt":"2024-05-27T15:42:24","guid":{"rendered":"https:\/\/wp.eddereklam.com\/?post_type=product&#038;p=1724"},"modified":"2024-05-27T15:44:23","modified_gmt":"2024-05-27T15:44:23","slug":"paradox-t-safety-shoe","status":"publish","type":"product","link":"https:\/\/wp.eddereklam.com\/?product=paradox-t-safety-shoe","title":{"rendered":"Paradox T Safety Shoe"},"content":{"rendered":"<p><span class=\"MuiTypography-root jss65 jss40 css-1uk1gs8\">Material<\/span><\/p>\n<div class=\"MuiBox-root css-1oi1uax\"><span class=\"MuiTypography-root jss65 jss40 jss70 css-1uk1gs8\">Ovandel 1:<\/span><span class=\"MuiTypography-root jss65 jss40 css-1uk1gs8\">Hypertex<\/span><\/div>\n<div class=\"MuiBox-root css-1oi1uax\"><span class=\"MuiTypography-root jss65 jss40 jss70 css-1uk1gs8\">Ovandel 2:<\/span><span class=\"MuiTypography-root jss65 jss40 css-1uk1gs8\">TPU<\/span><\/div>\n<div class=\"MuiBox-root css-1oi1uax\"><span class=\"MuiTypography-root jss65 jss40 jss70 css-1uk1gs8\">\u00d6ljett:<\/span><span class=\"MuiTypography-root jss65 jss40 css-1uk1gs8\">TPU<\/span><\/div>\n<div class=\"MuiBox-root css-1oi1uax\"><span class=\"MuiTypography-root jss65 jss40 jss70 css-1uk1gs8\">Sn\u00f6rning:<\/span><span class=\"MuiTypography-root jss65 jss40 css-1uk1gs8\">Bomull<\/span><\/div>\n<div class=\"MuiBox-root css-1oi1uax\"><span class=\"MuiTypography-root jss65 jss40 jss70 css-1uk1gs8\">Foder 1:<\/span><span class=\"MuiTypography-root jss65 jss40 css-1uk1gs8\">Mesh, Mikrofiber<\/span><\/div>\n<div class=\"MuiBox-root css-1oi1uax\"><span class=\"MuiTypography-root jss65 jss40 jss70 css-1uk1gs8\">Material innersula:<\/span><span class=\"MuiTypography-root jss65 jss40 css-1uk1gs8\">PU<\/span><\/div>\n<div class=\"MuiBox-root css-1oi1uax\"><span class=\"MuiTypography-root jss65 jss40 jss70 css-1uk1gs8\">Material mellansula 1:<\/span><span class=\"MuiTypography-root jss65 jss40 css-1uk1gs8\">Expanderad termoplastisk polyuretan<\/span><\/div>\n<div class=\"MuiBox-root css-1oi1uax\"><span class=\"MuiTypography-root jss65 jss40 jss70 css-1uk1gs8\">Material yttersula 1:<\/span><span class=\"MuiTypography-root jss65 jss40 css-1uk1gs8\">Gummi<\/span><\/div>\n","protected":false},"excerpt":{"rendered":"<div class=\"MuiBox-root css-k008qs\">\n<div class=\"MuiBox-root css-bj6cru\">\n<div class=\"MuiGrid-root MuiGrid-container MuiGrid-spacing-md-10 css-x57xyg\">\n<div class=\"MuiGrid-root MuiGrid-item MuiGrid-grid-xs-12 MuiGrid-grid-md-5 jss1025 css-1r482s6\">\n<div class=\"MuiBox-root css-1pyc0sn\">\n<div class=\"MuiBox-root css-1jfhzmr\">\n<div class=\"MuiTypography-root jss51 jss1090 css-1uk1gs8\">T tillh\u00f6r Paradox serien och \u00e4r en bekv\u00e4m och mjuk skyddssko fr\u00e5n Monitor. Denna serie har en Denna serie har en mellansula tillverkad i ett extremt mjukt ETPU material som har en s.k Return &#8211; Rebound p\u00e5 \u00f6ver 58%, en av marknadens absolut b\u00e4st d\u00e4mpade skyddsskor. Skons yttersula \u00e4r tillverkad i halks\u00e4ker gummi som ocks\u00e5 har ett av de b\u00e4sta SRC resultaten p\u00e5 marknaden! Ovandelen \u00e4r i Hypertex som \u00e4r ett extremt slitstarkt textil material tillverkat av Polyester och Polyuretan. Ovanp\u00e5 t\u00e5n har det lagts en ny kraftigare t\u00e5 f\u00f6rst\u00e4rkning i gummi, f\u00f6r att ytterligare f\u00f6rl\u00e4nga livsl\u00e4ngden p\u00e5 produkten. Fodret i skon \u00e4r tillverkat i en fuktabsoberande textil med en ny Monitor Pro-Support Recycle innersula tillverkad i EVA med extra d\u00e4mpningszoner under h\u00e4l och framfot. Spikskyddet \u00e4r Monitors Pantzar APT skydd som \u00e4r extremt l\u00e4tt och och flexibelt, t\u00e5h\u00e4ttan \u00e4r bred och tillverkad i aluminium. Modell Paradox T har en konventionell sn\u00f6rning.<\/div>\n<\/div>\n<\/div>\n<\/div>\n<\/div>\n<\/div>\n<\/div>\n<div class=\"MuiBox-root css-k008qs\"><\/div>\n","protected":false},"featured_media":1728,"comment_status":"open","ping_status":"closed","template":"","meta":[],"product_brand":[],"product_cat":[71],"product_tag":[102,101],"class_list":{"0":"post-1724","1":"product","2":"type-product","3":"status-publish","4":"has-post-thumbnail","6":"product_cat-arbetsskor","7":"product_tag-arbetsskor","8":"product_tag-monitor","10":"first","11":"instock","12":"shipping-taxable","13":"purchasable","14":"product-type-simple"},"_links":{"self":[{"href":"https:\/\/wp.eddereklam.com\/index.php?rest_route=\/wp\/v2\/product\/1724","targetHints":{"allow":["GET"]}}],"collection":[{"href":"https:\/\/wp.eddereklam.com\/index.php?rest_route=\/wp\/v2\/product"}],"about":[{"href":"https:\/\/wp.eddereklam.com\/index.php?rest_route=\/wp\/v2\/types\/product"}],"replies":[{"embeddable":true,"href":"https:\/\/wp.eddereklam.com\/index.php?rest_route=%2Fwp%2Fv2%2Fcomments&post=1724"}],"wp:featuredmedia":[{"embeddable":true,"href":"https:\/\/wp.eddereklam.com\/index.php?rest_route=\/wp\/v2\/media\/1728"}],"wp:attachment":[{"href":"https:\/\/wp.eddereklam.com\/index.php?rest_route=%2Fwp%2Fv2%2Fmedia&parent=1724"}],"wp:term":[{"taxonomy":"product_brand","embeddable":true,"href":"https:\/\/wp.eddereklam.com\/index.php?rest_route=%2Fwp%2Fv2%2Fproduct_brand&post=1724"},{"taxonomy":"product_cat","embeddable":true,"href":"https:\/\/wp.eddereklam.com\/index.php?rest_route=%2Fwp%2Fv2%2Fproduct_cat&post=1724"},{"taxonomy":"product_tag","embeddable":true,"href":"https:\/\/wp.eddereklam.com\/index.php?rest_route=%2Fwp%2Fv2%2Fproduct_tag&post=1724"}],"curies":[{"name":"wp","href":"https:\/\/api.w.org\/{rel}","templated":true}]}}