{"id":93,"date":"2013-08-11T19:06:15","date_gmt":"2013-08-11T19:06:15","guid":{"rendered":"http:\/\/localhost:8888\/test\/?page_id=520"},"modified":"2024-04-02T10:46:17","modified_gmt":"2024-04-02T10:46:17","slug":"about","status":"publish","type":"page","link":"https:\/\/wp.eddereklam.com\/?page_id=93","title":{"rendered":"About"},"content":{"rendered":"\n\t<section class=\"section dark\" id=\"section_1218214547\">\n\t\t<div class=\"bg section-bg fill bg-fill  \" >\n\n\t\t\t\n\t\t\t<div class=\"section-bg-overlay absolute fill\"><\/div>\n\t\t\t\n\n\t\t<\/div>\n\n\t\t\n\n\t\t<div class=\"section-content relative\">\n\t\t\t\n\n<div class=\"row row-full-width align-middle align-center\"  id=\"row-859895983\">\n\n\n\t<div id=\"col-1541508818\" class=\"col medium-6 small-12 large-6\"  >\n\t\t\t\t<div class=\"col-inner text-center\"  >\n\t\t\t\n\t\t\t\n\n\t<div id=\"text-3093733482\" class=\"text\">\n\t\t\n\n<p class=\"uppercase\"><span style=\"font-size: 400%;\">TJ\u00c4NSTER<\/span><\/p>\n\t\t\n<style>\n#text-3093733482 {\n  text-align: center;\n}\n<\/style>\n\t<\/div>\n\t\n\n\t\t<\/div>\n\t\t\t\t\t<\/div>\n\n\t\n\n<\/div>\n\t<div id=\"text-2540896644\" class=\"text\">\n\t\t\n\n<p><span style=\"font-size: 180%;\">Vi erbjuder grafisk framtagning av trycksaker i olika utf\u00f6rande och storlekar.<\/span><\/p>\n\t\t\n<style>\n#text-2540896644 {\n  text-align: center;\n}\n<\/style>\n\t<\/div>\n\t\n\n\t\t<\/div>\n\n\t\t\n<style>\n#section_1218214547 {\n  padding-top: 0px;\n  padding-bottom: 0px;\n  min-height: 700px;\n}\n#section_1218214547 .section-bg-overlay {\n  background-color: rgba(0,0,0,.5);\n}\n#section_1218214547 .section-bg.bg-loaded {\n  background-image: url(https:\/\/wp.eddereklam.com\/wp-content\/uploads\/2024\/03\/street-2048x1152.jpg);\n}\n<\/style>\n\t<\/section>\n\t\n\t<section class=\"section\" id=\"section_1898017179\">\n\t\t<div class=\"bg section-bg fill bg-fill  bg-loaded\" >\n\n\t\t\t\n\t\t\t\n\t\t\t\n\n\t\t<\/div>\n\n\t\t\n\n\t\t<div class=\"section-content relative\">\n\t\t\t\n\n<div class=\"row row-small align-equal\"  id=\"row-1951885536\">\n\n\n\t<div id=\"col-64806804\" class=\"col medium-4 small-12 large-4\"  >\n\t\t\t\t<div class=\"col-inner\"  >\n\t\t\t\n\t\t\t\n\n\t<div class=\"box has-hover   has-hover box-text-bottom\" >\n\n\t\t<div class=\"box-image\" >\n\t\t\t\t\t\t<div class=\"image-cover\" style=\"padding-top:56.25%;\">\n\t\t\t\t<img loading=\"lazy\" decoding=\"async\" width=\"1386\" height=\"780\" src=\"https:\/\/wp.eddereklam.com\/wp-content\/uploads\/2024\/03\/tjanster.webp\" class=\"attachment- size-\" alt=\"\" srcset=\"https:\/\/wp.eddereklam.com\/wp-content\/uploads\/2024\/03\/tjanster.webp 1386w, https:\/\/wp.eddereklam.com\/wp-content\/uploads\/2024\/03\/tjanster-600x338.webp 600w, https:\/\/wp.eddereklam.com\/wp-content\/uploads\/2024\/03\/tjanster-711x400.webp 711w, https:\/\/wp.eddereklam.com\/wp-content\/uploads\/2024\/03\/tjanster-768x432.webp 768w\" sizes=\"auto, (max-width: 1386px) 100vw, 1386px\" \/>\t\t\t\t\t\t\t\t\t\t\t<\/div>\n\t\t\t\t\t<\/div>\n\n\t\t<div class=\"box-text text-center\" >\n\t\t\t<div class=\"box-text-inner\">\n\t\t\t\t\n\n<h4>A title<\/h4>\n<p>Image Box text<\/p>\n\n\t\t\t<\/div>\n\t\t<\/div>\n\t<\/div>\n\t\n\n\t\t<\/div>\n\t\t\t\t\t<\/div>\n\n\t\n\n\t<div id=\"col-1062908635\" class=\"col medium-4 small-12 large-4\"  >\n\t\t\t\t<div class=\"col-inner\"  >\n\t\t\t\n\t\t\t\n\n\t<div class=\"box has-hover   has-hover box-text-bottom\" >\n\n\t\t<div class=\"box-image\" >\n\t\t\t\t\t\t<div class=\"\" >\n\t\t\t\t<img loading=\"lazy\" decoding=\"async\" width=\"1680\" height=\"1780\" src=\"https:\/\/wp.eddereklam.com\/wp-content\/uploads\/2024\/03\/rollup.jpg\" class=\"attachment- size-\" alt=\"\" srcset=\"https:\/\/wp.eddereklam.com\/wp-content\/uploads\/2024\/03\/rollup.jpg 1680w, https:\/\/wp.eddereklam.com\/wp-content\/uploads\/2024\/03\/rollup-600x636.jpg 600w, https:\/\/wp.eddereklam.com\/wp-content\/uploads\/2024\/03\/rollup-378x400.jpg 378w, https:\/\/wp.eddereklam.com\/wp-content\/uploads\/2024\/03\/rollup-755x800.jpg 755w, https:\/\/wp.eddereklam.com\/wp-content\/uploads\/2024\/03\/rollup-768x814.jpg 768w, https:\/\/wp.eddereklam.com\/wp-content\/uploads\/2024\/03\/rollup-1450x1536.jpg 1450w\" sizes=\"auto, (max-width: 1680px) 100vw, 1680px\" \/>\t\t\t\t\t\t\t\t\t\t\t<\/div>\n\t\t\t\t\t<\/div>\n\n\t\t<div class=\"box-text text-center\" >\n\t\t\t<div class=\"box-text-inner\">\n\t\t\t\t\n\n<h4>SKYLTAR OCH DISPLAY<br \/>\n<\/h4>\n<p>H\u00e4r hittar du skyltar, gatupratare, affischramar, m\u00e4ssbord och displayprodukter f\u00f6r alla tillf\u00e4llen. Vi erbjuder allt fr\u00e5n tillf\u00e4lliga skyltar till m\u00e4ssan till permanenta f\u00f6retagsskyltar.<\/p>\n\n\t\t\t<\/div>\n\t\t<\/div>\n\t<\/div>\n\t\n\n\t\t<\/div>\n\t\t\t\t\t<\/div>\n\n\t\n\n\t<div id=\"col-1288772833\" class=\"col medium-4 small-12 large-4\"  >\n\t\t\t\t<div class=\"col-inner\"  >\n\t\t\t\n\t\t\t\n\n\t<div class=\"box has-hover   has-hover box-text-bottom\" >\n\n\t\t<div class=\"box-image\" >\n\t\t\t\t\t\t<div class=\"image-cover\" style=\"padding-top:56.25%;\">\n\t\t\t\t<img loading=\"lazy\" decoding=\"async\" width=\"1160\" height=\"772\" src=\"https:\/\/wp.eddereklam.com\/wp-content\/uploads\/2024\/03\/tryck.jpg\" class=\"attachment- size-\" alt=\"\" srcset=\"https:\/\/wp.eddereklam.com\/wp-content\/uploads\/2024\/03\/tryck.jpg 1160w, https:\/\/wp.eddereklam.com\/wp-content\/uploads\/2024\/03\/tryck-600x399.jpg 600w, https:\/\/wp.eddereklam.com\/wp-content\/uploads\/2024\/03\/tryck-601x400.jpg 601w, https:\/\/wp.eddereklam.com\/wp-content\/uploads\/2024\/03\/tryck-768x511.jpg 768w\" sizes=\"auto, (max-width: 1160px) 100vw, 1160px\" \/>\t\t\t\t\t\t\t\t\t\t\t<\/div>\n\t\t\t\t\t<\/div>\n\n\t\t<div class=\"box-text text-center\" >\n\t\t\t<div class=\"box-text-inner\">\n\t\t\t\t\n\n<h4>TRYCKSAKER<br \/>\n<\/h4>\n<p>Vi levererar alla typer av trycksaker. Fr\u00e5n det lilla visitkortet och A4 bladen upp till poster i obegr\u00e4nsade format.<\/p>\n\n\t\t\t<\/div>\n\t\t<\/div>\n\t<\/div>\n\t\n\n\t\t<\/div>\n\t\t\t\t\t<\/div>\n\n\t\n\n<\/div>\n\n\t\t<\/div>\n\n\t\t\n<style>\n#section_1898017179 {\n  padding-top: 30px;\n  padding-bottom: 30px;\n}\n<\/style>\n\t<\/section>\n\t\n\t<section class=\"section\" id=\"section_1225194295\">\n\t\t<div class=\"bg section-bg fill bg-fill  bg-loaded\" >\n\n\t\t\t\n\t\t\t\n\t\t\t\n\n\t\t<\/div>\n\n\t\t\n\n\t\t<div class=\"section-content relative\">\n\t\t\t\n\n<div class=\"container section-title-container\" ><h3 class=\"section-title section-title-center\"><b><\/b><span class=\"section-title-main\" >TRYCKSAKER<\/span><b><\/b><\/h3><\/div>\n\n<div class=\"row\"  id=\"row-1771596761\">\n\n\n\t<div id=\"col-1954607577\" class=\"col medium-4 small-12 large-4\"  >\n\t\t\t\t<div class=\"col-inner\"  >\n\t\t\t\n\t\t\t\n\n\t<div id=\"text-2873475573\" class=\"text\">\n\t\t\n\n<p><strong>Presentaskar<\/strong><\/p>\n<p><strong>L\u00e5dor<\/strong><\/p>\n<p><strong>Emballage<\/strong><\/p>\n<p><strong>Etiketter<\/strong><\/p>\n<p><strong>Affischer<\/strong><\/p>\n<p><strong>Banderoller<\/strong><\/p>\n<p><strong>Beachflaggor<\/strong><\/p>\n<p><strong>Valaffischer<\/strong><\/p>\n<p><strong>Block<\/strong><\/p>\n\t\t\n<style>\n#text-2873475573 {\n  font-size: 1.25rem;\n}\n<\/style>\n\t<\/div>\n\t\n\n\t\t<\/div>\n\t\t\t\t\t<\/div>\n\n\t\n\n\t<div id=\"col-1771211170\" class=\"col medium-4 small-12 large-4\"  >\n\t\t\t\t<div class=\"col-inner\"  >\n\t\t\t\n\t\t\t\n\n\t<div id=\"text-576174128\" class=\"text\">\n\t\t\n\n<p><strong>Bordskalender<\/strong><\/p>\n<p><strong>L\u00f6sblad<\/strong><\/p>\n<p><strong>B\u00f6cker och tidskrifter<\/strong><\/p>\n<p><strong>Etikettl\u00e5dor<\/strong><\/p>\n<p><strong>Foldrar<\/strong><\/p>\n<p><strong>Brevpapper<\/strong><\/p>\n<p><strong>H\u00e4ngkalender<\/strong><\/p>\n<p><strong>Klassisk kalender<\/strong><\/p>\n<p><strong>Klisterm\u00e4rken<\/strong><\/p>\n<p>\u00a0<\/p>\n\t\t\n<style>\n#text-576174128 {\n  font-size: 1.25rem;\n}\n<\/style>\n\t<\/div>\n\t\n\n\t\t<\/div>\n\t\t\t\t\t<\/div>\n\n\t\n\n\t<div id=\"col-460307908\" class=\"col medium-4 small-12 large-4\"  >\n\t\t\t\t<div class=\"col-inner\"  >\n\t\t\t\n\t\t\t\n\n\t<div id=\"text-1501127150\" class=\"text\">\n\t\t\n\n<p><strong>Kuvert<\/strong><\/p>\n<p><strong>Muggar<\/strong><\/p>\n<p><strong>Musmattor<\/strong><\/p>\n<p><strong>P\u00e4rmar<\/strong><\/p>\n<p><strong>Roll-up<\/strong><\/p>\n<p><strong>Skyltar<\/strong><\/p>\n<p><strong>H\u00e4ften<\/strong><\/p>\n<p><strong>S\u00e4ljsmappar<\/strong><\/p>\n<p><strong>Visitkort<\/strong><\/p>\n\t\t\n<style>\n#text-1501127150 {\n  font-size: 1.25rem;\n}\n<\/style>\n\t<\/div>\n\t\n\n\t\t<\/div>\n\t\t\t\t\t<\/div>\n\n\t\n\n<\/div>\n\n\t\t<\/div>\n\n\t\t\n<style>\n#section_1225194295 {\n  padding-top: 50px;\n  padding-bottom: 50px;\n  background-color: #e3f2f2;\n}\n<\/style>\n\t<\/section>\n\t\n\t<div id=\"gap-391797952\" class=\"gap-element clearfix\" style=\"display:block; height:auto;\">\n\t\t\n<style>\n#gap-391797952 {\n  padding-top: 30px;\n}\n<\/style>\n\t<\/div>\n\t\n\n<div class=\"container section-title-container\" ><h3 class=\"section-title section-title-center\"><b><\/b><span class=\"section-title-main\" >MER PRINT<\/span><b><\/b><\/h3><\/div>\n\n<div class=\"row\"  id=\"row-1751172499\">\n\n\n\t<div id=\"col-1608503193\" class=\"col medium-4 small-12 large-4\"  >\n\t\t\t\t<div class=\"col-inner\"  >\n\t\t\t\n\t\t\t\n\n<ul>\n<li class=\"nav-item-primary  nav-item-3 has-dropdown \">\n<p class=\"link-text\"><strong>KONTORSTILLBEH\u00d6R<\/strong><\/p>\n<div class=\"nav-list-secondary-container\">\n<ul class=\"nav-list-secondary\">\n<li class=\"nav-item-secondary \">\n<p class=\"link-text\">Brevpapper och kuvert<\/p>\n<\/li>\n<li class=\"nav-item-secondary \">\n<p class=\"link-text\">Visitkort<\/p>\n<\/li>\n<li class=\"nav-item-secondary \">\n<p class=\"link-text\">Blanketter<\/p>\n<\/li>\n<li class=\"nav-item-secondary \">\n<p class=\"link-text\">Instruktionsblad<\/p>\n<\/li>\n<li class=\"nav-item-secondary \">\n<p class=\"link-text\">Nyhetsbrev<\/p>\n<\/li>\n<\/ul>\n<\/div>\n<\/li>\n<\/ul>\n\n\t\t<\/div>\n\t\t\t\t\t<\/div>\n\n\t\n\n\t<div id=\"col-1805947594\" class=\"col medium-4 small-12 large-4\"  >\n\t\t\t\t<div class=\"col-inner\"  >\n\t\t\t\n\t\t\t\n\n<ul>\n<li>\n<p class=\"link-text\"><strong>REKLAMPRODUKTER<\/strong><\/p>\n<div class=\"nav-list-secondary-container\">\n<ul class=\"nav-list-secondary\">\n<li class=\"nav-item-secondary \">\n<p class=\"link-text\">Kalendrar<\/p>\n<\/li>\n<li class=\"nav-item-secondary \">\n<p class=\"link-text\">Anteckningsblock<\/p>\n<\/li>\n<li class=\"nav-item-secondary \">\n<p class=\"link-text\">Anteckningstavlor<\/p>\n<\/li>\n<li class=\"nav-item-secondary \">\n<p class=\"link-text\">Magneter<\/p>\n<\/li>\n<li class=\"nav-item-secondary \">\n<p class=\"link-text\">Bokm\u00e4rken<\/p>\n<\/li>\n<\/ul>\n<\/div>\n<\/li>\n<\/ul>\n\n\t\t<\/div>\n\t\t\t\t\t<\/div>\n\n\t\n\n\t<div id=\"col-617860341\" class=\"col medium-4 small-12 large-4\"  >\n\t\t\t\t<div class=\"col-inner\"  >\n\t\t\t\n\t\t\t\n\n<ul>\n<li class=\"nav-item-primary  nav-item-7 has-dropdown left-dropdown\">\n<p class=\"link-text\"><strong>REKLAMPRODUKTER<\/strong><\/p>\n<div class=\"nav-list-secondary-container\">\n<ul class=\"nav-list-secondary\">\n<li class=\"nav-item-secondary \">\n<p class=\"link-text\">Kalendrar<\/p>\n<\/li>\n<li class=\"nav-item-secondary \">\n<p class=\"link-text\">Anteckningsblock<\/p>\n<\/li>\n<li class=\"nav-item-secondary \">\n<p class=\"link-text\">Anteckningstavlor<\/p>\n<\/li>\n<li class=\"nav-item-secondary \">\n<p class=\"link-text\">Magneter<\/p>\n<\/li>\n<li class=\"nav-item-secondary \">\n<p class=\"link-text\">Bokm\u00e4rken<\/p>\n<\/li>\n<\/ul>\n<\/div>\n<\/li>\n<\/ul>\n\n\t\t<\/div>\n\t\t\t\t\t<\/div>\n\n\t\n\n\t<div id=\"col-835886946\" class=\"col medium-4 small-12 large-4\"  >\n\t\t\t\t<div class=\"col-inner\"  >\n\t\t\t\n\t\t\t\n\n<ul>\n<li>\n<p class=\"link-text\"><strong>LAMINERAT TRYCK<\/strong><\/p>\n<div class=\"nav-list-secondary-container\">\n<ul class=\"nav-list-secondary\">\n<li class=\"nav-item-secondary \">\n<p class=\"link-text\">Menyer<\/p>\n<\/li>\n<li class=\"nav-item-secondary \">\n<p class=\"link-text\">Bordstabletter<\/p>\n<\/li>\n<li class=\"nav-item-secondary \">\n<p class=\"link-text\">Kort och kortupps\u00e4ttningar<\/p>\n<\/li>\n<li class=\"nav-item-secondary \">\n<p class=\"link-text\">Referensblad<\/p>\n<\/li>\n<\/ul>\n<\/div>\n<\/li>\n<\/ul>\n\n\t\t<\/div>\n\t\t\t\t\t<\/div>\n\n\t\n\n\t<div id=\"col-122641652\" class=\"col medium-4 small-12 large-4\"  >\n\t\t\t\t<div class=\"col-inner\"  >\n\t\t\t\n\t\t\t\n\n<ul>\n<li class=\"nav-item-primary  nav-item-6 has-dropdown left-dropdown\">\n<p class=\"link-text\"><strong>STORFORMATSUTSKRIFT<\/strong><\/p>\n<div class=\"nav-list-secondary-container\">\n<ul class=\"nav-list-secondary\">\n<li class=\"nav-item-secondary \">\n<p class=\"link-text\">Kartor<\/p>\n<\/li>\n<li class=\"nav-item-secondary \">\n<p class=\"link-text\">Affischer<\/p>\n<\/li>\n<li class=\"nav-item-secondary \">\n<p class=\"link-text\">Tecken<\/p>\n<\/li>\n<li class=\"nav-item-secondary \">\n<p class=\"link-text\">Tillv\u00e4xtdiagram<\/p>\n<\/li>\n<\/ul>\n<\/div>\n<\/li>\n<\/ul>\n\n\t\t<\/div>\n\t\t\t\t\t<\/div>\n\n\t\n\n<\/div>\n<div class=\"container section-title-container\" ><h3 class=\"section-title section-title-center\"><b><\/b><span class=\"section-title-main\" >Varf\u00f6r v\u00e4lja EDDEREKLAM?<\/span><b><\/b><\/h3><\/div>\n\n<div class=\"row\"  id=\"row-1137145116\">\n\n\n\t<div id=\"col-259177389\" class=\"col medium-6 small-12 large-6\"  >\n\t\t\t\t<div class=\"col-inner\"  >\n\t\t\t\n\t\t\t\n\n<p>Vi p\u00e5 <strong>EDDE REKLAM<\/strong> har stor erfarenhet i branschen vilket g\u00f6r att vi har ett brett kontaktn\u00e4t av leverant\u00f6rer och mycket bra koll p\u00e5 produkter. Vi l\u00e4gger extra mycket fokus p\u00e5 milj\u00f6produkter, och vi utbildar oss kontinuerligt p\u00e5 b\u00e5de befintliga varor och de nyheter som kommer ut p\u00e5 marknaden.\u00a0<\/p>\n<h3>Vi vill vara en trygg leverant\u00f6r till er!<\/h3>\n<p>N\u00e4r ni k\u00f6per varor som ska f\u00f6r\u00e4dlas skickas alltid ett korrektur med en digital illustration av produkten med din logga p\u00e5. H\u00e4r kan ni kontrollera placering, storleken p\u00e5 loggan och att f\u00e4rgerna st\u00e4mmer \u00f6verens med er grafiska profil. Vi skickar \u00e4ven ut en orderbekr\u00e4ftelse s\u00e5 ni kan kolla att antal, f\u00e4rg, pris och eventuella storlekar st\u00e4mmer. \u00a0<\/p>\n<h3>Det g\u00e4ller att l\u00e4ra hella tiden.<\/h3>\n<p>Varje \u00e5r bes\u00f6ker vi n\u00e5gra av v\u00e5ra leverant\u00f6rer p\u00e5 deras arbetsplats f\u00f6r att f\u00e5 f\u00f6rst\u00e5else f\u00f6r lager, produktion, hantering och leveranser. Det k\u00e4nns viktigt d\u00e5 vi vill leverera inte bara bra produkter utan \u00e4ven en helhetsl\u00f6sning d\u00e4r ni som kund ska k\u00e4nna er trygga i valet av profilleverant\u00f6r.<\/p>\n\n\t\t<\/div>\n\t\t\t\t\t<\/div>\n\n\t\n\n\t<div id=\"col-902466962\" class=\"col medium-6 small-12 large-6\"  >\n\t\t\t\t<div class=\"col-inner\"  >\n\t\t\t\n\t\t\t\n\n\n  <div class=\"banner has-hover\" id=\"banner-411773884\">\n          <div class=\"banner-inner fill\">\n        <div class=\"banner-bg fill\" >\n            <div class=\"bg fill bg-fill \"><\/div>\n                                    \n                    <\/div>\n\t\t\n        <div class=\"banner-layers container\">\n            <div class=\"fill banner-link\"><\/div>            \n\n   <div id=\"text-box-1979464318\" class=\"text-box banner-layer x50 md-x50 lg-x50 y50 md-y50 lg-y50 res-text\">\n       <div class=\"hover-bounce\">                         <div class=\"text-box-content text \">\n              \n              <div class=\"text-inner text-center\">\n                  \n\n\t<div id=\"text-2891178647\" class=\"text\">\n\t\t\n\n<h1>Varf\u00f6r v\u00e4lja <br \/>EDDE REKLAM?<\/h1>\n\t\t\n<style>\n#text-2891178647 {\n  font-size: 1.35rem;\n}\n<\/style>\n\t<\/div>\n\t\n\n              <\/div>\n           <\/div>\n                     <\/div>       \n<style>\n#text-box-1979464318 {\n  width: 60%;\n}\n#text-box-1979464318 .text-box-content {\n  font-size: 100%;\n}\n<\/style>\n    <\/div>\n \n\n        <\/div>\n      <\/div>\n\n            \n<style>\n#banner-411773884 {\n  padding-top: 600px;\n  background-color: #e3f2f2;\n}\n<\/style>\n  <\/div>\n\n\n\n\t\t<\/div>\n\t\t\t\t\t<\/div>\n\n\t\n\n<\/div>\n<div class=\"row\"  id=\"row-651976034\">\n\n\n\t<div id=\"col-499822235\" class=\"col small-12 large-12\"  >\n\t\t\t\t<div class=\"col-inner\"  >\n\t\t\t\n\t\t\t\n\n<p><strong>EDDE REKLAM<\/strong>\u00a0 har utvecklats fr\u00e5n sina ursprungliga r\u00f6tter i tryckbranschen till en stark akt\u00f6r inom profilreklam. Isnert 25 \u00e5r har v\u00e5rt fokus varit att st\u00e4rka varum\u00e4rken f\u00f6r f\u00f6retag och organisationer genom skr\u00e4ddarsydda profilprodukter.<\/p>\n<p><strong>Vi \u00e4r mer \u00e4n en leverant\u00f6r; vi \u00e4r en partner i att bygga och f\u00f6rst\u00e4rka din identitet.<\/strong><\/p>\n<p>V\u00e5rt team p\u00e5 <strong>EDDE REKLAM<\/strong> kombinerar branscherfarenhet med en passion f\u00f6r innovation och kreativitet. Genom v\u00e5rt omfattande kontaktn\u00e4t och v\u00e5r djupa kompetens kan vi uppfylla en bred palett av behov \u2013 fr\u00e5n enkla giveaways till omfattande profileringsl\u00f6sningar f\u00f6r hela f\u00f6retag och organisationer. V\u00e5r flexibilitet och m\u00e5ngsidighet g\u00f6r oss till en f\u00f6redragen partner f\u00f6r alla typer av profilreklambehov.<\/p>\n<p>\u200bV\u00e5r stolthet ligger i v\u00e5ra l\u00e5ngvariga relationer med kunder. M\u00e5nga har varit med oss sedan b\u00f6rjan, ett bevis p\u00e5 v\u00e5r konsekventa kvalitet och det f\u00f6rtroende vi byggt \u00f6ver tid. P\u00e5 <strong>EDDE REKLAM<\/strong> str\u00e4var vi efter att forts\u00e4tta v\u00e5r tradition av utm\u00e4rkthet, samtidigt som vi st\u00e4ndigt s\u00f6ker nya s\u00e4tt att innovativt st\u00e4rka ditt varum\u00e4rke.<\/p>\n<p><strong>Tillsammans skapar vi framg\u00e5ngsrika och minnesv\u00e4rda varum\u00e4rkesupplevelser.<\/strong><\/p>\n\n\t\t<\/div>\n\t\t\t\t\t<\/div>\n\n\t\n\n<\/div>\n\n","protected":false},"excerpt":{"rendered":"","protected":false},"author":1,"featured_media":0,"parent":54,"menu_order":0,"comment_status":"closed","ping_status":"closed","template":"page-blank.php","meta":{"footnotes":""},"class_list":["post-93","page","type-page","status-publish","hentry"],"_links":{"self":[{"href":"https:\/\/wp.eddereklam.com\/index.php?rest_route=\/wp\/v2\/pages\/93","targetHints":{"allow":["GET"]}}],"collection":[{"href":"https:\/\/wp.eddereklam.com\/index.php?rest_route=\/wp\/v2\/pages"}],"about":[{"href":"https:\/\/wp.eddereklam.com\/index.php?rest_route=\/wp\/v2\/types\/page"}],"author":[{"embeddable":true,"href":"https:\/\/wp.eddereklam.com\/index.php?rest_route=\/wp\/v2\/users\/1"}],"replies":[{"embeddable":true,"href":"https:\/\/wp.eddereklam.com\/index.php?rest_route=%2Fwp%2Fv2%2Fcomments&post=93"}],"version-history":[{"count":49,"href":"https:\/\/wp.eddereklam.com\/index.php?rest_route=\/wp\/v2\/pages\/93\/revisions"}],"predecessor-version":[{"id":1183,"href":"https:\/\/wp.eddereklam.com\/index.php?rest_route=\/wp\/v2\/pages\/93\/revisions\/1183"}],"up":[{"embeddable":true,"href":"https:\/\/wp.eddereklam.com\/index.php?rest_route=\/wp\/v2\/pages\/54"}],"wp:attachment":[{"href":"https:\/\/wp.eddereklam.com\/index.php?rest_route=%2Fwp%2Fv2%2Fmedia&parent=93"}],"curies":[{"name":"wp","href":"https:\/\/api.w.org\/{rel}","templated":true}]}}