{"id":721,"date":"2024-03-24T05:46:44","date_gmt":"2024-03-24T05:46:44","guid":{"rendered":"https:\/\/wp.eddereklam.com\/?page_id=721"},"modified":"2024-04-02T11:57:22","modified_gmt":"2024-04-02T11:57:22","slug":"projob","status":"publish","type":"page","link":"https:\/\/wp.eddereklam.com\/?page_id=721","title":{"rendered":"PROJOB"},"content":{"rendered":"\n\t<section class=\"section\" id=\"section_1870146518\">\n\t\t<div class=\"bg section-bg fill bg-fill  bg-loaded\" >\n\n\t\t\t\n\t\t\t\n\t\t\t\n\n\t\t<\/div>\n\n\t\t\n\n\t\t<div class=\"section-content relative\">\n\t\t\t\n\n\t<div id=\"text-164647384\" class=\"text\">\n\t\t\n\n<h1 class=\"uppercase\">PROJOB<\/h1>\n<p>WORKWEAR<\/p>\n\t\t\n<style>\n#text-164647384 {\n  font-size: 3.35rem;\n  text-align: center;\n}\n<\/style>\n\t<\/div>\n\t\n\n\t\t<\/div>\n\n\t\t\n<style>\n#section_1870146518 {\n  padding-top: 0px;\n  padding-bottom: 0px;\n  min-height: 300px;\n  background-color: #eef1f2;\n}\n<\/style>\n\t<\/section>\n\t\n\t<section class=\"section\" id=\"section_771059291\">\n\t\t<div class=\"bg section-bg fill bg-fill  bg-loaded\" >\n\n\t\t\t\n\t\t\t\n\t\t\t\n\t<div class=\"is-border\"\n\t\tstyle=\"border-color:rgb(235, 235, 235);border-width:1px 0px 0px 0px;\">\n\t<\/div>\n\n\t\t<\/div>\n\n\t\t\n\n\t\t<div class=\"section-content relative\">\n\t\t\t\n\n<div class=\"row row-small align-equal\"  id=\"row-638000050\">\n\n\n\t<div id=\"col-697212357\" class=\"col medium-4 small-12 large-4\"  >\n\t\t\t\t<div class=\"col-inner\"  >\n\t\t\t\n\t\t\t\n\n<p><span style=\"font-size: 200%;\">Arbetskl\u00e4der ska st\u00e5 emot m\u00e5nga p\u00e5frestningar. Detaljerna \u00e4r snygga \u2013 men de har alltid en funktion. I katalogen kan du l\u00e4sa mer om detaljerna. Genom Edde Reklam AB kan ni handla alla PRO<strong>JOB<\/strong>\u00b4s workwear produkter.<\/span><\/p>\n\n\t\t<\/div>\n\t\t\t\t\n<style>\n#col-697212357 > .col-inner {\n  padding: 0px 10px 0px 10px;\n}\n<\/style>\n\t<\/div>\n\n\t\n\n\t<div id=\"col-1813925734\" class=\"col medium-4 small-12 large-4\"  >\n\t\t\t\t<div class=\"col-inner\" style=\"background-color:rgb(255,255,255);\" >\n\t\t\t\n\t\t\t\n\n\t<div class=\"box has-hover   has-hover box-text-bottom\" >\n\n\t\t<div class=\"box-image\" >\n\t\t\t<a href=\"https:\/\/viewer.joomag.com\/2024-projob-workwear-sv\/0146957001705408436?short&\" target=\"_blank\" rel=\"noopener\" >\t\t\t<div class=\"image-cover\" style=\"padding-top:600px;\">\n\t\t\t\t<img loading=\"lazy\" decoding=\"async\" width=\"689\" height=\"920\" src=\"https:\/\/wp.eddereklam.com\/wp-content\/uploads\/2024\/03\/projob-SE.jpg\" class=\"attachment- size-\" alt=\"\" srcset=\"https:\/\/wp.eddereklam.com\/wp-content\/uploads\/2024\/03\/projob-SE.jpg 689w, https:\/\/wp.eddereklam.com\/wp-content\/uploads\/2024\/03\/projob-SE-600x801.jpg 600w, https:\/\/wp.eddereklam.com\/wp-content\/uploads\/2024\/03\/projob-SE-300x400.jpg 300w, https:\/\/wp.eddereklam.com\/wp-content\/uploads\/2024\/03\/projob-SE-599x800.jpg 599w\" sizes=\"auto, (max-width: 689px) 100vw, 689px\" \/>\t\t\t\t\t\t\t\t\t\t\t<\/div>\n\t\t\t<\/a>\t\t<\/div>\n\n\t\t<div class=\"box-text text-center\" >\n\t\t\t<div class=\"box-text-inner\">\n\t\t\t\t\n\n<h4><strong>PRO<\/strong>JOB<strong>\u00a0<\/strong>KATALOG 2024<\/h4>\n<p>SVENSK VERSION<\/p>\n\n\n\t\t\t<\/div>\n\t\t<\/div>\n\t<\/div>\n\t\n\n\t\t<\/div>\n\t\t\t\t\t<\/div>\n\n\t\n\n\t<div id=\"col-279196994\" class=\"col medium-4 small-12 large-4\"  >\n\t\t\t\t<div class=\"col-inner\" style=\"background-color:rgb(255,255,255);\" >\n\t\t\t\n\t\t\t\n\n\t<div class=\"box has-hover   has-hover box-text-bottom\" >\n\n\t\t<div class=\"box-image\" >\n\t\t\t<a href=\"https:\/\/viewer.joomag.com\/2024-projob-workwear-en\/0324280001705402784?short&\" target=\"_blank\" rel=\"noopener\" >\t\t\t<div class=\"image-cover\" style=\"padding-top:600px;\">\n\t\t\t\t<img loading=\"lazy\" decoding=\"async\" width=\"524\" height=\"700\" src=\"https:\/\/wp.eddereklam.com\/wp-content\/uploads\/2024\/03\/projob-katalog_EN.jpg\" class=\"attachment- size-\" alt=\"\" srcset=\"https:\/\/wp.eddereklam.com\/wp-content\/uploads\/2024\/03\/projob-katalog_EN.jpg 524w, https:\/\/wp.eddereklam.com\/wp-content\/uploads\/2024\/03\/projob-katalog_EN-299x400.jpg 299w\" sizes=\"auto, (max-width: 524px) 100vw, 524px\" \/>\t\t\t\t\t\t\t\t\t\t\t<\/div>\n\t\t\t<\/a>\t\t<\/div>\n\n\t\t<div class=\"box-text text-center\" >\n\t\t\t<div class=\"box-text-inner\">\n\t\t\t\t\n\n<h4><strong>PRO<\/strong>JOB<strong>\u00a0<\/strong>CATALOGUE 2024<\/h4>\n<p>ENGLISH EDITION<\/p>\n\n\t\t\t<\/div>\n\t\t<\/div>\n\t<\/div>\n\t\n\n\t\t<\/div>\n\t\t\t\t\t<\/div>\n\n\t\n\n<\/div>\n\n\t\t<\/div>\n\n\t\t\n<style>\n#section_771059291 {\n  padding-top: 30px;\n  padding-bottom: 30px;\n  background-color: #eef1f2;\n}\n<\/style>\n\t<\/section>\n\t\n\t<section class=\"section\" id=\"section_1573663974\">\n\t\t<div class=\"bg section-bg fill bg-fill  bg-loaded\" >\n\n\t\t\t\n\t\t\t\n\t\t\t\n\n\t\t<\/div>\n\n\t\t\n\n\t\t<div class=\"section-content relative\">\n\t\t\t\n\n\t<div id=\"text-3459463863\" class=\"text\">\n\t\t\n\n<h1 class=\"StandardPage__Heading-sc-12kmwxs-0 bqSbaS\" data-epi-edit=\"Heading\">Kvalitet &amp; Design<\/h1>\n\t\t\n<style>\n#text-3459463863 {\n  font-size: 3.35rem;\n  text-align: center;\n}\n<\/style>\n\t<\/div>\n\t\n<div class=\"row\"  id=\"row-1972097913\">\n\n\n\t<div id=\"col-360812980\" class=\"col medium-6 small-12 large-6\"  >\n\t\t\t\t<div class=\"col-inner\"  >\n\t\t\t\n\t\t\t\n\n<p><strong>Arbetskl\u00e4der ska st\u00e5 emot m\u00e5nga p\u00e5frestningar. Vi anv\u00e4nder starka, v\u00e4l bepr\u00f6vade material i v\u00e5ra kl\u00e4der och synar dem noggrant i s\u00f6mmarna.<\/strong><br \/>Detaljerna i v\u00e5ra plagg \u00e4r snygga \u2013 men de har alltid en funktion. Till exempel \u00e4r de omr\u00e5den som blir slitna under arbetets g\u00e5ng f\u00f6rst\u00e4rkta. I katalogen kan du l\u00e4sa mer om detaljerna. Se dem som en garanti f\u00f6r h\u00e5llbarhet och den b\u00e4sta k\u00e4nslan i arbetet.<\/p>\n<p>Nya tider st\u00e4ller nya krav. Gr\u00e4nsen mellan olika arbetsuppgifter och yrkeskategorier h\u00e5ller p\u00e5 att suddas ut. Flexibilitet, personlighet och professionalism \u00e4r nya krav. En grundtanke med v\u00e5r design \u00e4r att kl\u00e4der som man arbetar i ska se representativa ut. Alla medarbetare \u00e4r ju f\u00f6retagets ansikte ut\u00e5t.<\/p>\n\n\t\t<\/div>\n\t\t\t\t\t<\/div>\n\n\t\n\n\t<div id=\"col-69345662\" class=\"col medium-6 small-12 large-6\"  >\n\t\t\t\t<div class=\"col-inner\"  >\n\t\t\t\n\t\t\t\n\n<p><strong>Lust<\/strong><br \/>Livet \u00e4r ocks\u00e5 mycket mer \u00e4n jobb och gr\u00e4nserna mellan arbete och fritid blir alltmer uppl\u00f6sta. M\u00e5nga av v\u00e5ra plagg l\u00e4mpar sig ocks\u00e5 v\u00e4l f\u00f6r anv\u00e4ndning efter arbetsdagens slut.Har man roligt blir man b\u00e4ttre. De kl\u00e4der vi arbetar i betyder mycket f\u00f6r v\u00e5r arbetsgl\u00e4dje och effektivitet. Att skapa arbetsgl\u00e4dje \u00e4r nog den b\u00e4sta investering en arbetsgivare kan g\u00f6ra. M\u00e4nniskor som tycker att det \u00e4r roligt att arbeta utvecklar b\u00e5de sig sj\u00e4lva och det f\u00f6retag de jobbar i. Att k\u00e4nna sig v\u00e4lkl\u00e4dd och, framf\u00f6rallt, r\u00e4tt kl\u00e4dd g\u00f6r arbetet enklare och mer lustfyllt.<\/p>\n\n\t\t<\/div>\n\t\t\t\t\t<\/div>\n\n\t\n\n<\/div>\n\n\t\t<\/div>\n\n\t\t\n<style>\n#section_1573663974 {\n  padding-top: 0px;\n  padding-bottom: 0px;\n  min-height: 300px;\n  background-color: #eef1f2;\n}\n<\/style>\n\t<\/section>\n\t\n\t<section class=\"section\" id=\"section_1091515005\">\n\t\t<div class=\"bg section-bg fill bg-fill  bg-loaded\" >\n\n\t\t\t\n\t\t\t\n\t\t\t\n\n\t\t<\/div>\n\n\t\t\n\n\t\t<div class=\"section-content relative\">\n\t\t\t\n\n<div class=\"ux-logo has-hover align-middle ux_logo inline-block\" style=\"max-width: 100%!important; width: 215.5px!important\"><div class=\"ux-logo-link block image-\" title=\"\" href=\"\" style=\"padding: 15px;\"><img decoding=\"async\" src=\"https:\/\/wp.eddereklam.com\/wp-content\/uploads\/2024\/03\/clique_logo-orig-kopiera.png\" title=\"\" alt=\"\" class=\"ux-logo-image block\" style=\"height:50px;\" \/><\/div><\/div>\n\n<div class=\"ux-logo has-hover align-middle ux_logo inline-block\" style=\"max-width: 100%!important; width: 119.14141414141px!important\"><div class=\"ux-logo-link block image-\" title=\"\" href=\"\" style=\"padding: 15px;\"><img decoding=\"async\" src=\"https:\/\/wp.eddereklam.com\/wp-content\/uploads\/2024\/03\/images.png\" title=\"\" alt=\"\" class=\"ux-logo-image block\" style=\"height:50px;\" \/><\/div><\/div>\n\n<div class=\"ux-logo has-hover align-middle ux_logo inline-block\" style=\"max-width: 100%!important; width: 271.17647058824px!important\"><div class=\"ux-logo-link block image-\" title=\"\" href=\"\" style=\"padding: 15px;\"><img decoding=\"async\" src=\"https:\/\/wp.eddereklam.com\/wp-content\/uploads\/2024\/03\/download.png\" title=\"\" alt=\"\" class=\"ux-logo-image block\" style=\"height:50px;\" \/><\/div><\/div>\n\n<div class=\"ux-logo has-hover align-middle ux_logo inline-block\" style=\"max-width: 100%!important; width: 158.02547770701px!important\"><div class=\"ux-logo-link block image-\" title=\"\" href=\"\" style=\"padding: 15px;\"><img decoding=\"async\" src=\"https:\/\/wp.eddereklam.com\/wp-content\/uploads\/2024\/03\/Skarmavbild-2024-03-23-kl.-13.00.03.png\" title=\"\" alt=\"\" class=\"ux-logo-image block\" style=\"height:50px;\" \/><\/div><\/div>\n\n<div class=\"ux-logo has-hover align-middle ux_logo inline-block\" style=\"max-width: 100%!important; width: 118.23529411765px!important\"><div class=\"ux-logo-link block image-\" title=\"\" href=\"\" style=\"padding: 15px;\"><img decoding=\"async\" src=\"https:\/\/wp.eddereklam.com\/wp-content\/uploads\/2024\/03\/302521776_506339924827612_8612708902086446735_n.jpg\" title=\"\" alt=\"\" class=\"ux-logo-image block\" style=\"height:50px;\" \/><\/div><\/div>\n\n<div class=\"ux-logo has-hover align-middle ux_logo inline-block\" style=\"max-width: 100%!important; width: 229.13916786227px!important\"><div class=\"ux-logo-link block image-\" title=\"\" href=\"\" style=\"padding: 15px;\"><img decoding=\"async\" src=\"https:\/\/wp.eddereklam.com\/wp-content\/uploads\/2024\/03\/projob-logo-wide-bw.png\" title=\"\" alt=\"\" class=\"ux-logo-image block\" style=\"height:50px;\" \/><\/div><\/div>\n\n\n\t\t<\/div>\n\n\t\t\n<style>\n#section_1091515005 {\n  padding-top: 0px;\n  padding-bottom: 0px;\n}\n<\/style>\n\t<\/section>\n\t\n\n","protected":false},"excerpt":{"rendered":"","protected":false},"author":1,"featured_media":0,"parent":0,"menu_order":0,"comment_status":"closed","ping_status":"closed","template":"page-blank.php","meta":{"footnotes":""},"class_list":["post-721","page","type-page","status-publish","hentry"],"_links":{"self":[{"href":"https:\/\/wp.eddereklam.com\/index.php?rest_route=\/wp\/v2\/pages\/721","targetHints":{"allow":["GET"]}}],"collection":[{"href":"https:\/\/wp.eddereklam.com\/index.php?rest_route=\/wp\/v2\/pages"}],"about":[{"href":"https:\/\/wp.eddereklam.com\/index.php?rest_route=\/wp\/v2\/types\/page"}],"author":[{"embeddable":true,"href":"https:\/\/wp.eddereklam.com\/index.php?rest_route=\/wp\/v2\/users\/1"}],"replies":[{"embeddable":true,"href":"https:\/\/wp.eddereklam.com\/index.php?rest_route=%2Fwp%2Fv2%2Fcomments&post=721"}],"version-history":[{"count":18,"href":"https:\/\/wp.eddereklam.com\/index.php?rest_route=\/wp\/v2\/pages\/721\/revisions"}],"predecessor-version":[{"id":1372,"href":"https:\/\/wp.eddereklam.com\/index.php?rest_route=\/wp\/v2\/pages\/721\/revisions\/1372"}],"wp:attachment":[{"href":"https:\/\/wp.eddereklam.com\/index.php?rest_route=%2Fwp%2Fv2%2Fmedia&parent=721"}],"curies":[{"name":"wp","href":"https:\/\/api.w.org\/{rel}","templated":true}]}}